?
28
What is the remainder when 2616 is divided by 5?
1
What is the remainder when 1713 is divided by 49?
47
Calculate the remainder when 39 is divided by 18.
3
Calculate the remainder when 113 is divided by 39.
35
What is the remainder when 96 is divided by 56?
40
What is the remainder when 258 is divided by 33?
27
Calculate the remainder when 162 is divided by 33.
30
What is the remainder when 424 is divided by 82?
14
What is the remainder when 282 is divided by 26?
22
Calculate the remainder when 1304 is divided by 109.
105
Calculate the remainder when 68 is divided by 22.
2
What is the remainder when 152 is divided by 17?
16
What is the remainder when 1536 is divided by 171?
168
What is the remainder when 161 is divided by 81?
80
Calculate the remainder when 792 is divided by 162.
144
What is the remainder when 1208 is divided by 318?
254
Calculate the remainder when 631 is divided by 43.
29
What is the remainder when 130 is divided by 18?
4
What is the remainder when 546 is divided by 181?
3
Calculate the remainder when 62 is divided by 25.
12
Calculate the remainder when 154 is divided by 45.
19
Calculate the remainder when 1389 is divided by 127.
119
Calculate the remainder when 448 is divided by 9.
7
What is the remainder when 4014 is divided by 39?
36
Calculate the remainder when 371 is divided by 34.
31
What is the remainder when 1743 is divided by 3?
0
What is the remainder when 132 is divided by 58?
16
What is the remainder when 192 is divided by 65?
62
What is the remainder when 489 is divided by 487?
2
Calculate the remainder when 2792 is divided by 19.
18
What is the remainder when 2912 is divided by 81?
77
Calculate the remainder when 571 is divided by 147.
130
Calculate the remainder when 313 is divided by 78.
1
What is the remainder when 24 is divided by 17?
7
Calculate the remainder when 124 is divided by 21.
19
Calculate the remainder when 587 is divided by 160.
107
Calculate the remainder when 131 is divided by 48.
35
What is the remainder when 386 is divided by 67?
51
Calculate the remainder when 376 is divided by 10.
6
What is the remainder when 134 is divided by 11?
2
What is the remainder when 161 is divided by 18?
17
Calculate the remainder when 26 is divided by 5.
1
Calculate the remainder when 444 is divided by 23.
7
Calculate the remainder when 125 is divided by 43.
39
Calculate the remainder when 4914 is divided by 46.
38
Calculate the remainder when 203 is divided by 35.
28
What is the remainder when 2831 is divided by 35?
31
What is the remainder when 179 is divided by 62?
55
What is the remainder when 2043 is divided by 73?
72
What is the remainder when 607 is divided by 28?
19
Calculate the remainder when 548 is divided by 111.
104
Calculate the remainder when 188 is divided by 22.
12
Calculate the remainder when 326 is divided by 47.
44
What is the remainder when 111 is divided by 22?
1
Calculate the remainder when 895 is divided by 369.
157
Calculate the remainder when 1486 is divided by 201.
79
What is the remainder when 77 is divided by 21?
14
What is the remainder when 232 is divided by 94?
44
Calculate the remainder when 257 is divided by 29.
25
What is the remainder when 379 is divided by 24?
19
Calculate the remainder when 13946 is divided by 44.
42
Calculate the remainder when 12759 is divided by 29.
28
What is the remainder when 59 is divided by 24?
11
Calculate the remainder when 219 is divided by 15.
9
What is the remainder when 151 is divided by 51?
49
What is the remainder when 3548 is divided by 1176?
20
What is the remainder when 140 is divided by 71?
69
Calculate the remainder when 642 is divided by 15.
12
Calculate the remainder when 282 is divided by 125.
32
Calculate the remainder when 1169 is divided by 15.
14
Calculate the remainder when 72 is divided by 47.
25
What is the remainder when 91 is divided by 52?
39
What is the remainder when 285 is divided by 37?
26
Calculate the remainder when 149 is divided by 38.
35
Calculate the remainder when 222 is divided by 109.
4
What is the remainder when 178 is divided by 36?
34
What is the remainder when 331 is divided by 9?
7
What is the remainder when 7517 is divided by 20?
17
What is the remainder when 52 is divided by 29?
23
What is the remainder when 10964 is divided by 11?
8
What is the remainder when 38 is divided by 9?
2
Calculate the remainder when 422 is divided by 103.
10
What is the remainder when 7522 is divided by 12?
10
Calculate the remainder when 1105 is divided by 366.
7
What is the remainder when 9279 is divided by 160?
159
What is the remainder when 111 is divided by 38?
35
Calculate the remainder when 133 is divided by 39.
16
Calculate the remainder when 393 is divided by 162.
69
What is the remainder when 2460 is divided by 44?
40
Calculate the remainder when 3615 is divided by 54.
51
Calculate the remainder when 370 is divided by 131.
108
Calculate the remainder when 104 is divided by 54.
50
What is the remainder when 100 is divided by 93?
7
What is the remainder when 766 is divided by 14?
10
Calculate the remainder when 4871 is divided by 24.
23
What is the remainder when 327 is divided by 67?
59
What is the remainder when 483 is divided by 11?
10
What is the remainder when 3023 is divided by 17?
14
What is the remainder when 330 is divided by 9?
6
What is the remainder when 811 is divided by 37?
34
Calculate the remainder when 74 is divided by 7.
4
What is the remainder when 4475 is divided by 11?
9
What is the remainder when 156 is divided by 20?
16
What is the remainder when 260 is divided by 44?
40
What is the remainder when 62 is divided by 20?
2
What is the remainder when 11195 is divided by 100?
95
Calculate the remainder when 3186 is divided by 55.
51
What is the remainder when 1825 is divided by 87?
85
Calculate the remainder when 21 is divided by 17.
4
What is the remainder when 265 is divided by 59?
29
Calculate the remainder when 718 is divided by 57.
34
Calculate the remainder when 395 is divided by 8.
3
Calculate the remainder when 6017 is divided by 1998.
23
Calculate the remainder when 10243 is divided by 47.
44
Calculate the remainder when 368 is divided by 108.
44
What is the remainder when 1088 is divided by 42?
38
What is the remainder when 887 is divided by 103?
63
What is the remainder when 67 is divided by 15?
7
What is the remainder when 393 is divided by 198?
195
Calculate the remainder when 908 is divided by 92.
80
Calculate the remainder when 349 is divided by 25.
24
Calculate the remainder when 1193 is divided by 9.
5
What is the remainder when 284 is divided by 58?
52
Calculate the remainder when 4525 is divided by 73.
72
Calculate the remainder when 584 is divided by 55.
34
Calculate the remainder when 902 is divided by 181.
178
What is the remainder when 33812 is divided by 22?
20
What is the remainder when 101 is divided by 64?
37
What is the remainder when 4348 is divided by 487?
452
What is the remainder when 283 is divided by 39?
10
What is the remainder when 1076 is divided by 60?
56
What is the remainder when 22 is divided by 18?
4
Calculate the remainder when 558 is divided by 41.
25
Calculate the remainder when 175 is divided by 50.
25
Calculate the remainder when 258 is divided by 88.
82
Calculate the remainder when 114 is divided by 11.
4
Calculate the remainder when 5058 is divided by 4.
2
Calculate the remainder when 2974 is divided by 17.
16
Calculate the remainder when 223 is divided by 176.
47
Calculate the remainder when 2060 is divided by 13.
6
What is the remainder when 305 is divided by 20?
5
What is the remainder when 379 is divided by 17?
5
Calculate the remainder when 623 is divided by 308.
7
What is the remainder when 101 is divided by 35?
31
What is the remainder when 379 is divided by 47?
3
What is the remainder when 197 is divided by 163?
34
Calculate the remainder when 44 is divided by 36.
8
Calculate the remainder when 407 is divided by 381.
26
What is the remainder when 2472 is divided by 55?
52
Calculate the remainder when 147 is divided by 30.
27
What is the remainder when 406 is divided by 270?
136
Calculate the remainder when 5 is divided by 2.
1
Calculate the remainder when 57 is divided by 56.
1
What is the remainder when 1021 is divided by 184?
101
What